761. Give w(-20).
-19
Let c(z) = 17*z - 139. Give c(7).
-20
Let p(f) = f**3 + 16*f**2 + 5*f - 21. Determine p(-15).
129
Let w(h) = -438*h + 3721. What is w(8)?
217
Let t(n) = -n**2 + 26*n + 136. Determine t(-6).
-56
Let d(l) = -478*l - 470. Determine d(-1).
8
Let b(j) = -j**3 + 14*j**2 - 6*j + 69. Calculate b(13).
160
Let d(f) = -59*f**2 + 2477*f - 49. Calculate d(42).
-91
Let j(x) = -158*x + 484. What is j(3)?
10
Let n(k) = -k**3 + 15*k**2 + 107*k - 944. What is n(18)?
10
Let v(n) = -32*n - 246. Calculate v(-24).
522
Let c(k) = 2*k**3 + 81*k**2 + 37*k - 126. Calculate c(-40).
-6
Let l(d) = -d**3 + 36*d**2 + 11*d - 385. Determine l(36).
11
Let b(o) = -2*o**3 + 12*o**2 - 3*o + 15. Give b(6).
-3
Let t(c) = 25*c + 1237. Calculate t(-49).
12
Let l(i) = 3*i**2 + 50*i - 194. Give l(8).
398
Let y(u) = u**2 - 9*u - 9097. Calculate y(-91).
3
Let h(c) = 3*c**2 - 11*c - 58. Calculate h(-5).
72
Let b(i) = 99*i - 26. Determine b(1).
73
Let d(i) = i**3 + 16*i**2 - 67*i - 865. Give d(-17).
-15
Let r(m) = -2*m**2 - 4*m - 96. What is r(7)?
-222
Let i(z) = 2*z**3 + 7*z**2 - 31*z + 7. What is i(-6)?
13
Let u(n) = 2*n**2 - 342*n + 1654. Determine u(5).
-6
Let r(y) = -y**3 - 15*y**2 - y + 74. Calculate r(-15).
89
Let q(m) = 116*m**2 + 36*m - 63. Determine q(2).
473
Let a(k) = k**3 - 53*k - 25. Determine a(-7).
3
Let b(v) = -v**2 + 55*v - 352. Give b(7).
-16
Let n(f) = -f**3 + f**2 - 539*f + 1079. What is n(2)?
-3
Let c(t) = t**3 - 81*t**2 + 2*t - 167. Determine c(81).
-5
Let b(l) = 120*l**2 - 5*l. Give b(-1).
125
Let w(s) = 38*s**2 + 2112*s + 1226. Determine w(-55).
16
Let k(q) = -5*q**2 + 196*q + 374. Give k(41).
5
Let v(h) = -2*h**2 - 32*h - 137. What is v(-5)?
-27
Let k(y) = -y**2 + 33*y + 101. Calculate k(19).
367
Let f(p) = -2*p**3 + 18*p**2 + 13*p - 25. What is f(10)?
-95
Let s(c) = 65*c + 6020. Determine s(-93).
-25
Let m(q) = 20*q**2 + 172*q - 3. Give m(-7).
-227
Let k(l) = 2*l**2 + 13*l - 9. Give k(2).
25
Let o(p) = -p**3 - 25*p**2 - 110*p - 17. Give o(-7).
-129
Let h(u) = -u**3 - 25*u**2 + 230*u + 6092. Calculate h(-24).
-4
Let b(l) = -4*l**3 - 2*l**2 - 47*l - 180. Calculate b(-4).
232
Let g(r) = 9*r**2 + 83*r - 76. Calculate g(-10).
-6
Let j(m) = 23*m + 3. Determine j(9).
210
Let c(x) = -x**3 + 2*x**2 - x + 21. Calculate c(0).
21
Let j(a) = -2*a**3 + 15*a**2 - 18*a - 19. What is j(5)?
16
Let l(o) = -472*o**2 - o + 2. What is l(1)?
-471
Let b(y) = 78*y + 1230. Give b(-16).
-18
Let v(n) = 89*n - 8723. Give v(98).
-1
Let g(i) = -1596*i - 55830. What is g(-35)?
30
Let d(o) = -39*o - 1948. Determine d(-50).
2
Let r(l) = 2*l**2 - 77*l - 1024. What is r(49)?
5
Let w(h) = 324*h**3 - h**2 - 6*h + 6. Calculate w(1).
323
Let g(r) = -961*r + 9617. Give g(10).
7
Let k(n) = -3*n**2 - 120*n + 378. Calculate k(-43).
-9
Let u(r) = -r**2 + 155*r - 4803. Determine u(112).
13
Let i(x) = 326*x + 8466. Determine i(-26).
-10
Let r(h) = 78*h**2 - h - 16. Give r(0).
-16
Let s(p) = 19*p**3 + 3457*p**2 - 187*p - 899. Calculate s(-182).
11
Let a(x) = 3*x**2 + 28*x + 46. What is a(-9)?
37
Let v(j) = -13*j**2 - 4*j + 23. Give v(-1).
14
Let m(i) = -i**2 + 50*i + 633. What is m(58)?
169
Let x(c) = 3*c**3 + 22*c**2 - 20*c - 3. What is x(1)?
2
Let u(c) = -c**3 + 16*c**2 + 87*c - 963. What is u(18)?
-45
Let k(h) = 513*h + 3595. Determine k(-7).
4
Let c(i) = -12*i - 662. Determine c(-65).
118
Let a(q) = 185*q + 893. What is a(-6)?
-217
Let q(l) = l**2 - 41*l + 72. What is q(41)?
72
Let w(c) = -c**3 - 4*c**2 + 247*c + 980. What is w(-4)?
-8
Let w(f) = f**2 + 53*f + 477. Give w(-24).
-219
Let y(u) = -3*u**2 + 37*u + 4894. Give y(47).
6
Let f(a) = 69*a**2 - 16*a - 2. Calculate f(2).
242
Let u(y) = -y**2 + 65*y + 31876. What is u(214)?
-10
Let u(q) = -63*q - 1505. What is u(-24)?
7
Let y(b) = 123*b - 7859. Give y(64).
13
Let j(c) = -12*c**3 - 2*c**2 - 33*c + 36. Give j(1).
-11
Let g(j) = -j**2 - 6*j + 890. Determine g(-33).
-1
Let c(k) = -k**3 + 33*k**2 - 142*k - 61. Determine c(28).
-117
Let o(i) = -i**2 + 69*i + 2380. Determine o(-26).
-90
Let d(r) = 191*r - 1342. Determine d(7).
-5
Let z(g) = 3*g + 199. What is z(-10)?
169
Let y(i) = 81*i + 9962. Give y(-123).
-1
Let b(p) = -p**2 - 71*p - 386. What is b(-6)?
4
Let g(v) = v**3 + 13*v**2 + 24*v - 132. Determine g(-6).
-24
Let t(j) = 339*j + 6120. Give t(-18).
18
Let u(t) = -212*t + 708. Calculate u(4).
-140
Let m(i) = i**2 - 27*i - 991. Calculate m(-17).
-243
Let a(f) = 1987*f - 87434. What is a(44)?
-6
Let l(r) = -3*r**3 + 16*r**2 - 185*r + 1535. What is l(8)?
-457
Let q(h) = -33*h + 28. Give q(4).
-104
Let h(r) = -719*r - 28757. Calculate h(-40).
3
Let j(m) = -12*m + 518. What is j(45)?
-22
Let k(q) = -345*q + 15149. Determine k(44).
-31
Let u(p) = -340*p - 328. Give u(-1).
12
Let i(w) = -12633*w - 88428. Calculate i(-7).
3
Let m(j) = 110*j + 199. Determine m(-2).
-21
Let m(p) = 7766*p - 54402. Give m(7).
-40
Let x(g) = 16*g - 481. Determine x(32).
31
Let o(i) = -i**3 - 3*i**2 - 3*i - 15. Calculate o(-4).
13
Let c(n) = 2*n**2 + 13*n + 86. What is c(0)?
86
Let d(n) = -12*n - 88. Give d(-1).
-76
Let y(m) = -m**3 - 25*m**2 + 150*m + 15. Calculate y(-30).
15
Let d(y) = 3*y**2 - 2*y - 3. Give d(6).
93
Let o(d) = -d**3 + 6*d**2 - 30*d + 175. Give o(6).
-5
Let k(m) = 3*m**3 - 20*m**2 + 7*m - 17. Calculate k(7).
81
Let v(k) = -2*k**3 + 140*k**2 + 291*k - 180. What is v(72)?
36
Let s(f) = -65*f**2 - 3641*f - 78. Give s(-56).
-22
Let w(j) = 3*j**2 + 64*j + 35. What is w(-17)?
-186
Let q(h) = 2*h**3 + 463*h**2 - 241*h - 2066. Calculate q(-232).
22
Let c(n) = n**3 + 21*n**2 + 85*n - 257. Calculate c(-11).
18
Let k(s) = -108*s - 2167. Calculate k(-20).
-7
Let y(r) = 1648*r + 151627. Calculate y(-92).
11
Let f(o) = o**3 + 30*o**2 - 51*o - 103. Calculate f(-31).
517
Let t(d) = 2*d**2 - 64*d + 412. Determine t(24).
28
Let y(a) = -7*a - 192. What is y(-24)?
-24
Let c(l) = 330*l - 1982. Give c(6).
-2
Let s(d) = d**2 + 364*d + 19460. Determine s(-65).
25
Let a(y) = 2*y**3 + 13*y**2 + 6*y - 21. Calculate a(-5).
24
Let s(f) = -1585*f - 252011. Give s(-159).
4
Let k(t) = 405*t + 3234. Calculate k(-8).
-6
Let v(t) = -t**2 - 9*t + 3292. Determine v(53).
6
Let s(m) = -m**2 - 37*m - 123. Give s(-36).
-87
Let b(y) = 70*y + 399. Calculate b(-6).
-21
Let u(o) = -2*o**2 + 26*o - 29. Calculate u(14).
-57
Let l(s) = s**3 + 63*s**2 - 492*s + 5. Determine l(7).
-9
Let i(f) = -6*f**2 + 7*f + 35. Determine i(-4).
-89
Let c(f) = -29*f - 1540. Calculate c(-54).
26
Let x(k) = -673*k + 6712. Give x(10).
-18
Let x(n) = -2*n**3 - 7*n**2 - n - 3. What is x(-4)?
17
Let t(b) = -6*b**2 + 14*b - 42. Determine t(5).
-122
Let h(f) = 19*f - 182. What is h(12)?
46
Let i(s) = -2*s - 958. Give i(48).
-1054
Let p(x) = -x**2 - 18*x + 16. What is p(-19)?
-3
Let w(l) = -346*l**3 - 2*l**2 + 19*l - 18. Give w(1).
-347
Let p(l) = l**3 - 141*l**2 + 688*l - 2. Determine p(5).
38
Let n(a) = -36*a**3 + 5*a**2 - 27*a - 1. Give n(3).
-1009
Let b(j) = -4*j**2 + 265*j - 73. Determine b(66).
-7
Let q(c) = -c**3 - c**2 + 17*c - 28. Calculate q(2).
-6
Let a(l) = -22*l**3 - 18*l**2 - 32*l - 17. Calculate a(-1).
19
Let j(k) = -15*k**2 + 104*k - 191. Calculate j(2).
-43
Let y(g) = 356*g + 4786. Calculate y(-14).
-198
Let i(d) = -d**2 + 96*d - 1255. Give i(15).
-40
Let z(b) = -5*b**3 - 25*b**2 - 3*b - 45. Calculate z(-5).
-30
Let s(h) = -50*h**2 + 87*h + 17. Give s(2).
-9
Let p(s) = -3*s**3 - 237*s**2 - s - 151. Give p(-79).
-72
Let m(h) = -3543*h - 24808. Determine m(-7).
-7
Let w(p) = 52*p - 2232. Calculate w(43).
4
Let f(z) = -z**3 - 15*z**2 + 31*z + 233. Determine f(-16).
-7
Let z(i) = 18*i**2 + 118*i - 7. Determine z(-6).
-67
Let z(c) = c**3 + 42*c**2 - 1333*c + 248. Determine z(21).
38
Let a(n) = -2*n**3 - n**2 + 5*n - 6. Calculate a(0).
-6
Let u(p) = -129*p - 27875. Determine u(-216).
-11
Let s(l) = -222*l - 62. Determine s(-1).
160
Let v(c) = 21*c**2 - 1288*c + 206. Calculate v(61).
-221
Let b(f) = -19*f**2 + 623*f + 76. Determine b(33).
-56
Let k(j) = 4*j**2 + 126*j - 348. What is k(-34)?
-8
Let x(g) = -3*g**2 - 98*g + 4829. Calculate x(27).
-4
Let l(v) = -v**3 - 21*v**2 + 100*v - 16. Calculate l(-25).
-16
Let i(x) = 21*x**2 - 26*x - 56. Determine i(-2).
80
Let s(w) = 90*w - 22857. Determine s(254).
3
Let j(o) = 3*o**2 + 67*o + 183. Determine j(-17).
-89
Let b(s) = 83*s + 5069. What is b(-60)?
89
Le